 8) to base 4
31202020111
Convert -7661207 (base 10) to base 3.
-112102020012102
What is 112102120011 (base 3) in base 15?
5922a
351e0 (base 16) to base 15
446e8
-12988278 (base 10) to base 9
-26385510
What is 1000100001110010010 (base 2) in base 14?
73ba2
220340330 (base 5) to base 6
32203401
Convert 2d72d (base 15) to base 8.
436467
Convert aa3 (base 15) to base 5.
34103
Convert 101212201020 (base 3) to base 4.
310101210
What is -303223030 (base 5) in base 16?
-12b790
What is 13110616 (base 7) in base 2?
100100011111111100101
What is 729554 (base 11) in base 3?
2012101221202
2220000001120 (base 3) to base 10
1535316
What is 23167 (base 13) in base 2?
1111100111011111
17864 (base 10) to base 8
42710
What is -106543 (base 8) in base 6?
-435323
Convert -1110311200 (base 4) to base 11.
-218089
What is -373616 (base 9) in base 3?
-102110200120
Convert -960850 (base 10) to base 3.
-1210211001001
What is 111000000110000001 (base 2) in base 15?
48126
What is 2264570 (base 9) in base 13?
33b001
a2c2b7 (base 15) to base 9
15500861
1037e (base 15) to base 3
2121112102
Convert -127663 (base 9) to base 3.
-10221202010
14000 (base 14) to base 2
1100000011110000
-10102112313 (base 4) to base 15
-172e7c
What is 16042129 (base 10) in base 4?
331030202101
What is 104603414 (base 7) in base 10?
6337475
-12326605 (base 7) to base 4
-10100210011
What is 31015 (base 8) in base 2?
11001000001101
Convert 26923 (base 10) to base 4.
12210223
-b1583 (base 12) to base 2
-111000010011110011
What is -22bc2 (base 16) in base 7?
-1131536
What is -2f3ef4 (base 16) in base 7?
-35214065
-11111120101 (base 3) to base 10
-88624
1000010010100010100 (base 2) to base 12
111244
Convert -210321032 (base 4) to base 8.
-447116
What is -89085 (base 11) in base 4?
-133202300
Convert 34323445 (base 6) to base 10.
1053173
Convert 199975 (base 10) to base 5.
22344400
60167c (base 14) to base 9
6064051
What is 111311236 (base 7) in base 8?
31621563
What is 917769 (base 10) in base 16?
e0109
Convert -12011201011020 (base 3) to base 6.
-134535010
2233232 (base 7) to base 11
17a34a
Convert -102340031 (base 5) to base 15.
-887cb
Convert 2073071 (base 8) to base 10.
554553
-112010202110020 (base 3) to base 11
-4272530
-10ae4c7 (base 15) to base 6
-1104005524
What is -14191 (base 12) in base 7?
-144226
Convert -4c8d81 (base 15) to base 2.
-1110000001001110100110
-131240 (base 6) to base 14
-4516
43d80 (base 14) to base 13
59b92
What is -6daa (base 14) in base 9?
-28251
What is 49283 (base 14) in base 3?
100002100201
a6a181 (base 12) to base 11
1537173
-244781 (base 9) to base 13
-5241a
What is -44122014 (base 5) in base 15?
-7773e
-50189f (base 16) to base 9
-10780465
Convert 111212202201102 (base 3) to base 11.
4189121
Convert -12432265 (base 7) to base 10.
-1134103
11031550 (base 8) to base 11
1380509
What is 21011363 (base 7) in base 4?
12233203313
-443004 (base 7) to base 3
-10221210220
What is -1db7d (base 15) in base 6?
-2025301
What is -1120020121102 (base 3) in base 6?
-25453315
What is 1ab47 (base 14) in base 2?
10000100111101011
46e2b (base 15) to base 4
313022111
What is 754605 (base 8) in base 3?
110211002012
Convert -23037671 (base 8) to base 7.
-60321441
What is -202030 (base 6) in base 13?
-738c
What is 16623352 (base 8) in base 14?
72ca70
Convert -145245 (base 6) to base 15.
-42cb
What is -1064310 (base 9) in base 12?
-2381b3
What is 33c2 (base 15) in base 14?
4006
Convert -7510d1 (base 16) to base 14.
-1039cd3
-332217 (base 8) to base 11
-76a6a
What is -10220100121000 (base 3) in base 11?
-119700a
-3085a90 (base 11) to base 3
-101020100222011
Convert -28385 (base 12) to base 10.
-55829
What is 1013124102 (base 6) in base 12?
3629632
-d9f40 (base 16) to base 4
-3121331000
Convert -6c1f (base 16) to base 3.
-1101222011
What is -1000100001000001 (base 2) in base 11?
-24230
Convert -7a93225 (base 11) to base 16.
-d7df8c
Convert -10671415 (base 8) to base 13.
-6345a9
What is 3652a (base 11) in base 5?
3140141
-4018 (base 15) to base 10
-13523
What is 2261c4 (base 15) in base 5?
410000114
Convert 113013101 (base 4) to base 3.
11210212102
Convert 11042302 (base 5) to base 8.
274501
Convert -1012301312 (base 4) to base 16.
-46c76
What is -11010122210 (base 3) in base 5?
-10101044
What is -1236311 (base 8) in base 14?
-8d133
What is -446164 (base 7) in base 12?
-39861
22012202211 (base 3) to base 2
100111011110000111
Convert -7279a (base 15) to base 6.
-11435501
Convert 100000010000100000010 (base 2) to base 6.
34353350
-3220103 (base 12) to base 16
-90ea93
Convert 153cb78 (base 13) to base 9.
13710102
-2441400 (base 6) to base 8
-375650
-103842 (base 10) to base 3
-12021110000
Convert 10543100 (base 6) to base 3.
121111101100
208846 (base 12) to base 2
1111101001010110110
1111212001 (base 3) to base 14
abd4
What is -314524 (base 8) in base 3?
-12022202001
Convert -81785 (base 9) to base 15.
-10e5b
What is -57154 (base 8) in base 9?
-36137
What is -341988 (base 15) in base 9?
-4608322
Convert 51222 (base 12) to base 7.
620141
What is -1257e3 (base 15) in base 3?
-1122200011020
10110000111101000 (base 2) to base 8
260750
Convert -1130013113 (base 4) to base 15.
-76bd8
-524640 (base 7) to base 10
-90531
What is -506024 (base 13) in base 12?
-761ba5
-701724 (base 8) to base 12
-b1384
-111010100101111010 (base 2) to base 13
-85311
Convert 8f9e1 (base 16) to base 2.
10001111100111100001
What is -17e390 (base 15) in base 14?
-223586
243233145 (base 6) to base 8
21544571
1543a97 (base 12) to base 16
41ea53
-100001111100101111101 (base 2) to base 12
-457939
What is 1515240 (base 13) in base 6?
400033550
Convert -5795 (base 14) to base 8.
-35567
Convert 2212000220 (base 3) to base 15.
1198c
2001412 (base 7) to base 14
61d42
What is -559655 (base 16) in base 10?
-5609045
110000000101000110100 (base 2) to base 16
180a34
2331a90 (base 11) to base 7
46422110
What is 22120210220112 (base 3) in base 15?
601dce
Convert 621046 (base 9) to base 14.
98271
Convert 2067226 (base 10) to base 2.
111111000101100011010
-122011022221 (base 3) to base 15
-6a12d
What is 102210000212 (base 3) in base 5?
24404340
What is 65069 (base 11) in base 9?
153654
Convert 173235 (base 8) to base 16.
f69d
Convert 18712d (base 16) to base 10.
1601837
Convert -446242 (base 8) to base 5.
-14310230
43b21a (base 13) to base 8
6053767
Convert 2221012222210 (base 3) to base 8.
5745435
What is -15433055 (base 6) in base 14?
-104067
What is -32411200 (base 6) in base 4?
-3223302300
-297212 (base 14) to base 15
-1d6e73
Convert -415103352 (base 6) to base 5.
-3323141434
What is 7915d (base 14) in base 9?
487121
-206e93 (base 15) to base 11
-963820
What is -5131511 (base 6) in base 10?
-245347
Convert -20034432 (base 5) to base 7.
-1230543
What is 21110000201 (base 3) in base 9?
243021
-5a571 (base 12) to base 7
-1015000
What is -116355222 (base 7) in base 8?
-34044035
Convert 11303331333 (base 4) to base 16.
173f7f
Convert -122211210120022 (base 3) to base 6.
-535131525
What is -bd3754 (base 14) in base 13?
-143c684
Convert 8298558 (base 10) to base 6.
453511130
-5111232 (base 6) to base 9
-408772
Convert 26334 (base 7) to base 8.
15570
-17582057 (base 9) to base 5
-4231233144
15322a0 (base 11) to base 9
4838101
-12421404 (base 5) to base 11
-84750
What is 14213 (base 5) in base 16?
49f
-343b26 (base 14) to base 12
-71881a
Convert -83688 (base 10) to base 6.
-1443240
What is -144a0 (base 12) in base 6?
-335120
Convert -102120122 (base 4) to base 14.
-1d61c
801ab (base 12) to base 13
5a82a
Convert -105824 (base 10) to base 4.
-121311200
What is -173269 (base 10) in base 13?
-60b35
What is 71320 (base 9) in base 5?
3000132
-41a407 (base 15) to base 6
-150533154
210003112 (base 4) to base 5
14211140
What is -3331313020 (base 4) in base 10?
-1039816
-10410104 (base 5) to base 14
-2539d
Convert 246661 (base 8) to base 13.
2cb62
What is -21a59b6 (base 13) in base 10?
-10323176
What is 752660 (base 9) in base 11?
286776
454a62 (base 11) to base 13
1c4712
Convert 10011100011110110110 (base 2) to base 10.
640950
What is 176670 (base 10) in base 15?
37530
What is 101101010101110101101 (base 2) in base 9?
2714043
-19ba66 (base 14) to base 10
-915802
Convert -12698 (base 16) to base 14.
-1d6ac
100111101100101011 (base 2) to base 13
5901c
Convert 